11?
-16
Evaluate (-27 - 0) + 4 - -16.
-7
Calculate (92 - 108) + 17 + -2.
-1
What is the value of 17 + -2 + -63 + (66 - 27)?
-9
What is the value of -14 + 0 + 6 - (-1 + -2)?
-5
What is -1 + (-25 - -17 - (-2 + -7) - 14)?
-14
Calculate -6 + (6 - (-8 + -2 - 4)).
14
What is (0 - ((-1 - 7 - -33) + -7)) + 9?
-9
What is 1 + -25 - (-6 - -1 - 8 - -8)?
-19
Calculate -14 - (-11 - (-10 - ((10 - 12) + 7))).
-18
Calculate 1 - (-2 - (1 + 0 + 6 - 27)).
-17
9 + -3 + 15 + -11
10
Evaluate 7 + -11 - 9 - -30.
17
Calculate (3 - -14) + -47 + 10.
-20
Evaluate (-10 - (2 + -4)) + (-16 + 11 - -2).
-11
What is 18 + -1 - ((-19 + 10 - 11) + 12)?
25
Evaluate -9 + 7 - -13 - 10.
1
What is 1 + (15 - (17 + -5)) + 0?
4
What is the value of 2 + 21 + 0 + (10 - 19) + 2?
16
Evaluate -1 + -5 - 0 - (35 + -26) - 0.
-15
Calculate -140 + 125 + 1 + -1.
-15
What is the value of 3 + -1 + 1 + (-20 - (-6 - 8))?
-3
(15 - 24 - (5 - 5)) + (0 - -21)
12
What is (-18 - -17) + (0 - 9) + 17?
7
Calculate 15 - -2 - 1 - (11 + -9 - 1).
15
What is the value of 15 + -1 + -25 + 18 + 4?
11
What is 1 - (-56 + 60 + (11 - (1 + 1)))?
-12
Evaluate 4 + (-40 + 22 - -9) + 5 + 1.
1
Evaluate -13 + 14 + -11 + 6.
-4
What is the value of 20 + -13 + (-7 - -9)?
9
-14 + -16 + 23 + (0 - 10)
-17
Evaluate 59 - (-3 + 22 + 23).
17
What is 12 - (40 + (-15 - 0))?
-13
Calculate -33 + (34 + -28 - -21).
-6
Evaluate (-16 + 11 + 4 - -29) + -11 + 3.
20
What is the value of -12 + 4 + (5 + -5 - -5) + 15?
12
What is 1 + -28 + -6 + -1 + 53 + -43?
-24
What is -4 + 15 + 46 + -74?
-17
What is 685 + -688 + (0 - -10) + (-24 - -1)?
-16
(4 - (-6 + 9)) + -9
-8
Evaluate 16 - 2 - (-9 + -27 - -33).
17
(-31 - 7) + 106 + -82
-14
What is 9 + -14 + 11 + -9 + (3 - -3)?
3
Calculate -22 - -1 - (16 + -31).
-6
Evaluate -9 + 6 - (-2 + -11).
10
Evaluate -15 + 1 - ((-53 - -86) + -24).
-23
What is -10 + (8 - -15) - 18?
-5
What is the value of 19 - -2 - (163 + -147)?
5
Evaluate -14 - (-2 - (-10 - (5 - (-8 + 31)))).
-4
What is the value of -9 - (1 - 11 - -6)?
-5
-10 + (-5 - -2) + 39 + -45
-19
What is (6 - 1) + 0 - (-13 - -20)?
-2
What is -18 - (-26 - -18 - -5)?
-15
-14 + 1 + (3 - (12 - 7))
-15
Calculate (1520 - 1515) + -11 + 1.
-5
What is the value of (-8 - 0) + -12 + 10 - (-20 - -15)?
-5
11 - (22 - (-8 + 23))
4
What is the value of 13 + 2 + (3 - 5)?
13
What is the value of 0 - 2 - (21 - 26)?
3
What is (-14 - -8 - 2) + 2 + 5?
-1
What is the value of (0 - 0) + -31 + (-29 - (-60 + 7))?
-7
What is 3 + (-16 - (1 + -11) - 1)?
-4
Calculate -1 + (1 - -1) + 9 + (-4 - 8).
-2
Evaluate (13 - (-13 - (-21 + -9))) + -13.
-17
What is (-22 - -11) + (21 - (6 + 4))?
0
37 + -34 + -30 + 29
2
What is the value of 1 - (-18 + 44 - 8)?
-17
What is (20 - (-8 + 27)) + (13 + -1 - 2)?
11
2 - (-35 - (23 + (-19 - -7) + -23))
25
((-34 - -11) + -7 - 2) + 9
-23
Evaluate 25 + (-98 - (-13 + -29)).
-31
What is 24 + 10 + 0 + 123 + -144?
13
What is 13 - (2 + -1) - (145 - 109)?
-24
What is (3 - -2 - 2) + (-1 - 13)?
-11
Evaluate -19 + -11 + 7 + 7 - (-4 - 0).
-12
Calculate 20 - (-9 + 30 - -14).
-15
What is the value of (0 - -5) + (0 + 8 + -2 - 8)?
3
What is (7 - (-5 + 11)) + 12 + 8?
21
Evaluate 4 - (-1 + -7 - (-5 - 1)) - 13.
-7
What is the value of 13 + -2 + (41 - (30 - (-22 + 32)))?
32
What is the value of (0 - 0) + 98 + -95 + -7?
-4
Evaluate -22 - (-21 - -12) - (9 - 8).
-14
What is the value of -21 - ((-33 - -58) + -27)?
-19
What is 1 - (-16 - -12 - (3 - 9)) - 0?
-1
Evaluate 18 + (-29 - -25 - 8).
6
What is the value of (-2 + 0 - 13 - (53 - 59)) + 0?
-9
(-1391 - -1404) + (-1 - -9)
21
What is (-1 - ((-6 - 7) + -3)) + -5?
10
What is the value of 0 + 26 - (-12 - -24)?
14
What is the value of (18 - (16 + (-12 - -5))) + -10?
-1
What is (-29 - (-63 - -43)) + (-4 - (0 - -1))?
-14
What is 184 + -178 + -2 + -23 + -2 + 4?
-17
Evaluate 12 + -3 + -32 + 26 + 2 + -1.
4
11 - (5 - (0 - -2)) - (-1 + -14)
23
What is the value of (1 - -3) + 25 + -37 + 5?
-3
Calculate 1 + 1 + (16 - (22 - 9)) - -11.
16
What is the value of 1 + -22 - (-478 + 494) - (-10 - 2)?
-25
Evaluate (-38 + 23 - -18) + (-5 + 4 - 3).
-1
What is the value of 2 + 4 - (-5 + (21 - 3)) - -5?
-2
(-4 - (4 - 17 - -5)) + -13
-9
Evaluate 2198 + -2208 - (-1 - (0 - 32)).
-41
Calculate (1 + 4 - -8) + -8.
5
What is the value of (-9 - 1 - -7) + 0 + -5?
-8
What is the value of -1 - (18 - 22 - 5 - -16)?
-8
What is -10 - (-1 - (9 + -13))?
-13
What is (1 - 6) + (-23 - -5 - -14)?
-9
Calculate 10 - (0 - -10) - 3.
-3
-7 + -6 - 0 - -8
-5
What is the value of 0 + -5 + 13 - (-43 - -53)?
-2
What is the value of (-13 - -17) + -30 + (3 - 0 - -4)?
-19
What is 4 + (119 + -119 - (0 + -7))?
11
What is -11 + -22 + 5 + 9?
-19
What is the value of 4 - (-1 - (-3 + -6)) - 0?
-4
What is (-79 - -184 - 110) + (1 - 2 - 1)?
-7
Calculate 7 - 2 - (4 - (6 - -7)).
14
Calculate (2763 - 2767) + (19 - 2) + (3 - 1).
15
What is the value of 1 + -22 - (4 - (14 + -37 + 28))?
-20
Evaluate 18 + -19 + (-2 - -13) + -12.
-2
Evaluate 0 + (8 - 6) + 3 + -20.
-15
Evaluate -17 + 32 + (15 + -11 - -14).
33
-8 - (-11 + 0 - (16 - 28) - 41)
32
-7 + -1 + -25 + (-4 - (-11 - -7))
-33
Calculate (27 - 24) + -11 + -7 - -6.
-9
What is the value of (-3 - 9) + 56 + -47?
-3
What is the value of 12 - (-4 + 11) - -9?
14
What is 2 + 5 - (2 + (-2 - 3) + 1)?
9
Evaluate 45 + (39 - 43 - 34).
7
What is the value of (1 - 0) + (-13 - (-3 - 5) - 0)?
-4
Calculate -4 + (0 - 7 - (34 + -38)).
-7
Evaluate 522 + -492 - (-4 - -46).
-12
-9 + (-5 - -8 - 3) + -2
-11
206 - 229 - (1 - 18)
-6
Calculate -39 - -12 - -17 - 8.
-18
Calculate (35 - 65) + 19 + -5.
-16
6 + (-4 - (29 + -8))
-19
What is 6 + (8 + -26 - -9) - -6?
3
Evaluate 3 - 6 - (1 + -4) - (-5 - -6).
-1
(-1031 - -1068) + -1 + -11
25
What is the value of -2 + (-7 - 1) + -3 + 1 + 5?
-7
What is 1 - (-5 + -6) - (-2 + 1)?
13
What is the value of -1 - (17 + (-2 - (-8 - (0 + 0))))?
-24
Calculate 4 + (-2 - (-7 + 3)).
6
Calculate 2 + -4 - (-1 + -2 + -17).
18
What is the value of (-5 - 0) + 7 + (5 + -9 - 0)?
-2
Evaluate 3 - (-6 - (-7 - 0) - (0 - -6)).
8
What is (-2 - 2) + (0 - -10) - (-3 - 2)?
11
What is the value of -3 + (0 - (-5 + (-8 - -10))) + -17?
-17
What is 22 + (7 - (1 + -5 - (-28 - -17)))?
22
What is 2 + -4 - (5 - (14 + 0))?
7
(1351 - 1347) + (-6 - 34 - (0 + 2))
-38
What is the value of -47 + (-21 - -21) + 15?
-32
What is 8 - -1 - (-10 - (11 - (6 - -4)))?
20
What is the value of (-1 - -5) + (-10 + -10 - -12) - -4?
0
11 - (4 - -1) - (-25 - -23)
8
Calculate 8 - (-32 + 45 - (2 - (1 - 2))).
-2
Evaluate -3 - (-4 - 7) - (8 + 6).
-6
What is the value of 3 + -3 + 3 - (88 - 80)?
-5
What is the value of 35 + 13 + 10 + -13 + -25?
20
What is the value of 4 - (5 + 5) - (-6 + 2 - 7)?
5
What is -2 - (-1 - (3 - 1)) - (108 + -104)?
-3
What is (-2 + -11 - (3 - 8)) + (-7 - -3)?
-12
What is 193 - 174 - (1 + 9)?
9
Evaluate (-1 + -2 - 3) + -16.
-22
5 + 12 + -9 - 9 - -2 - 3
-2
What is (-53 + 39 - 26) + 65?
25
(-7 - 4) + 23 + (2 - -3) + -1
16
Calculate (18 - (-9 - -14)) + -22 + 11.
2
48 + 42 + (6 - 56)
40
What is the value of -1 - (3 + -17 + (-6 + 4 - -10))?
5
What is the value of 16 - (6 + -37 - -24)?
23
Calculate 11 + -11 + -2 + -17 - (71 - 79).
-11
Calculate -5 - (5 - (58 - 37)).
11
(1 - (3 - -1)) + 8 - (2 - -1)
2
What is (-1 - 5) + (1 + -6 - 8) + 3?
-16
2 + -3 + 0 + 4 + 6
9
What is -5 + (-14 - (-1 - 4 - 2) - -4)?
-8
What is the value of (0 - -4 - -5) + -30 + 6?
-15
What is -10 - -7 - (1 + 3 - -2)?
-9
Evaluate 9 + 2 - (-17 - -16).
12
What is (49 - (43 - 17)) + -31?
-8
Evaluate -8 + (4 - (10 - 20)).
6
Calculate 0 + 2 + -5 + 0.
-3
(0 + -1 - 0) + (5 - (21 - 13))
-4
(1016 - 999) + 0 + 14
31
Calculate (5 + -1 - (-1 - -5) - -9) + 20.
29
9 - (-17 - -32) - (0 - -2 - 7)
-1
-1 + -6 + 2 - (14 + 3 + 2)
-24
Calculate (12 - (-36 + 66)) + (1 - -8).
-9
Calculate 16 - 1 - 7 - (0 + 9).
-1
Evaluate (7 - (-6 + -7 + 8 + 14)) + 8.
6
What is (-12 - (-2 - (-2 + 4))) + (12 - -11)?
15
Evaluate -2 - (3 - (22 - 17)).
0
(-5 - -5) + (-26 - (9 + -1 - 11))
-23
What is 3 + 11 + -13 - -28?
29
What is -215 - -214 - (-15 + 1)?
13
What is (-16 - (15 - 29)) + 23?
21
Evaluate 4 - (-2 + -4 - (3 + (2 - 6))).
9
What is the value of -23 - (-29 - (13 - 30))?
-11
Calculate 56 + (-16 - -23 - 38).
25
What is -5 - (4 + -21 + 5 + 0)?
7
What is the value of -5 + -2 + (24 - 24)?
-7
-7 + (199 - 241) + 16 + 0
-33
(-21 - (43 - 72)) + 6 + (0 - 0)
14
(43 - 29 - -7) + (-1